u) = u**3 - 2*u**2 - u - 8. Let i(z) = z**2 - 2. Let l be 2*8/(-16) + 0. Let p(y) = l*v(y) + 6*i(y). Give p(8).
4
Suppose -4*x = 2*z - 4 + 6, -4*x = -2*z - 18. Let v(a) = 4*a**2 + 11*a + 2. Determine v(z).
47
Let g be (108/(-8))/3*(-4)/6. Let i(u) = 14*u**2 - 2*u + 1. Let h(z) = 33*z**2 - 5*z + 3. Let b(l) = -3*h(l) + 7*i(l). Determine b(g).
-8
Let m = -2 - -10. Suppose -2150*i + 2144*i + 18 = 0. Let u(f) = -f**2 - 5*f**i + f - m*f**3 + f**3 + 0*f**3. Determine u(1).
-12
Let r be (0 + 4/6)*-3. Let m(v) be the first derivative of v**4/4 + v**3 + v**2 + 3*v - 6373. What is m(r)?
3
Suppose -29*w - 115 = 523. Let j(q) = q**3 + 10*q**2 + 2*q + 5. Let t be j(-10). Let f = w - t. Let u(o) = o**2 + 7*o + 7. Give u(f).
7
Let x(j) = 0*j**2 - 180 + j**2 + 366 - 176. Give x(5).
35
Let z(r) = -3*r + 52 + 37 - 144 + 40 + 41. Determine z(7).
5
Let u(y) = y**3 + y**2 + y + 1. Let x = 592 - 411. Suppose x*s - 8 = 185*s. What is u(s)?
-5
Suppose -3*u + 1112 = -2*q, 4*q + 97 = u - 257. Suppose 3*b = -u + 368. Let c(n) = n - 1. Give c(b).
-3
Let h(k) = -7*k - 11. Suppose -5*n - 5*u = 0, 3*n - 3*u = -16 - 2. Determine h(n).
10
Let m(p) = 2*p**2 - 7*p + 4. Let q be m(4). Let b(f) = -4*f - 87. Let z(l) = 5*l + 81. Let s(j) = b(j) + z(j). Determine s(q).
2
Let o(a) = -5 + 6 + 1 - 41 + a**3 + 11*a**2 - 46*a - 12. Calculate o(-14).
5
Let a(b) be the second derivative of -b**4/12 + b**3/3 - b**2 + 5*b + 471. Suppose 2 = -x - 2. What is a(x)?
-26
Let h(i) be the third derivative of -i**7/2520 + i**6/240 - i**5/20 + i**4/24 + 7*i**3 + 71*i**2. Let w(o) be the second derivative of h(o). Give w(6).
-24
Let t(c) = -6*c - 4. Let u(p) = -2*p - 3. Let r(l) = l**3 - 20*l**2. Let j be r(20). Suppose b = n + 3, -4*b + 2*n - 5*n - 9 = j. Let z be u(b). Give t(z).
14
Let t(d) = -d**2 + 22*d. Let j(s) = -5*s - 1. Let x(g) = -6*j(g) - t(g). Suppose -35 = 6*v - v. Calculate x(v).
-1
Let v(k) = 2*k**2 + 5*k - 4. Let s be ((-234)/(-104))/(12/(-16)). What is v(s)?
-1
Let g = -1161 + 1153. Let h(p) = -p - 3. Let f(d) = d + 3. Suppose j + 2*j = -12. Let o(u) = j*h(u) - 5*f(u). Determine o(g).
5
Let l(o) = -10 + o + 52 - 2*o**2 + 3*o**3 - o**3 - o**3 + 0*o**3. Give l(0).
42
Let x be -1*(-3 + (-2 - -2)). Let f(i) = 4*i**3 + 8*i**3 - 13*i**3 - x*i + 3*i**2. Let v = -190 + 192. Determine f(v).
-2
Let i(l) = -l**2 - 19*l - 6. Let j = -11954 - -11939. Determine i(j).
54
Let d(m) be the third derivative of m**7/2520 - 7*m**6/720 - m**5/120 - m**4/12 + 7*m**3/6 - 110*m**2. Let s(f) be the second derivative of d(f). Give s(6).
-7
Let z be (-6 - -39)/(2/2). Let h = z - 24. Let w(t) = -10 - 3*t + h*t - 2*t + t**2 + 2*t. Give w(-7).
-3
Let m(k) be the first derivative of -k**4/4 - 2*k**3 - 7*k**2/2 + k + 1707. Determine m(-5).
11
Suppose 0 = 16*x - 85 - 11. Suppose 5*i = 5*o + 3*i - 21, 3*o + i - x = 0. Let f(y) = y - 6. What is f(o)?
-3
Let d(c) = -14*c**3 - 2*c**2 + 1. Let q(t) = 254*t - 255. Let j be q(1). Calculate d(j).
13
Let k be 10/4 - (-5)/(-10). Suppose 7*y - 4*y - 3 = -3*j, k*y + 4 = -5*j. Let v(a) = -a**2 - 8*a - 4. Let s(z) = z + 1. Let f(n) = -5*s(n) - v(n). What is f(j)?
-3
Let h = -1758 - -1762. Let z(t) be the third derivative of t**2 + 0 + 0*t + 5/6*t**3 - 1/12*t**h. What is z(4)?
-3
Suppose 24 = -x + 4*x. Suppose x*i - 9*i = 0. Suppose 2*l = -i*l + 10. Let s(j) = -j**2 + 3*j - 3. Calculate s(l).
-13
Let m(q) = q**2 - q. Let f be m(3). Let t(b) = 13*b + 7*b - 162 - 19*b - 169 + 324. Give t(f).
-1
Let k(i) = -2*i**2 + 23*i - 58. Let v be -1 + (-18)/(-27)*6. Let u be k(v). Let t(d) = -d**2 - 4*d + 15. Give t(u).
-6
Let j(q) = -5*q - 178 + 4*q + 9*q + 177. Suppose -20*l + 18 = -29*l. Let d(g) = -2*g**2 - 4*g - 1. Let u be d(l). Determine j(u).
-9
Let z(y) = y**3 - 2*y**2 + 2*y + 1. Suppose -4*m = 3 - 11. Let h be (1/m)/(-3*1/(-12)). Suppose o - 4*j = -h*o - 3, -4*j = -12. Give z(o).
16
Let b(d) = -56*d - 1960. Let j be b(-35). Let p(c) = c**2 - 2*c + 6. Let r(a) = 6*a**2 - 11*a + 29. Let w(t) = -11*p(t) + 2*r(t). Calculate w(j).
-8
Let t(b) = -b - 2. Let y(m) = 19*m + 54. Let j be y(-17). Let n = j - -258. Calculate t(n).
9
Suppose -u - 2 = -5*x - 5*u, 2*x - 5*u = -19. Let c(l) be the first derivative of 19 + 7/2*l**2 + 0*l. Calculate c(x).
-14
Let b(q) be the second derivative of q**3 - 5/2*q**2 - 7/12*q**4 + q + 1/20*q**5 - 3. What is b(6)?
-5
Let k(n) = n**2 + 30*n - 577. Let h be k(13). Let s(d) = 3*d + 69. Determine s(h).
15
Let o be -3 - (3 + (-3)/1). Suppose 5*v = 4*u + 2 + 29, 4*v = -3*u. Let k(d) = -v + 4 + 2 - 2 + d. What is k(o)?
-2
Suppose -6*r + 9 = -15. Suppose 0 = -2*w - 12 + 4, 0 = 3*q + 2*w - 10. Let n(l) = -6 + r*l - q - 3*l. Calculate n(0).
-12
Let n be (-2)/32 + 131131/(-14672). Let r(l) = 20*l**3 + 10*l**2 - 17*l + 17. Let u(x) = -7*x**3 - 3*x**2 + 6*x - 6. Let o(y) = 6*r(y) + 17*u(y). Give o(n).
0
Let g = -10896 + 10896. Let q(z) be the third derivative of -z**6/120 + z**5/60 + z**3/6 - 2*z**2. What is q(g)?
1
Let i(f) = -20*f**3 - 1. Suppose 2*y = 5 - 3. Let a(l) = -l + l**2 - 4*l - 4 - y. Let p be a(6). What is i(p)?
-21
Suppose -4*k = -5*f - 6 - 42, -5*k + 5*f = -55. Let r(b) = -6*b + 65. Let w be r(10). Let s(n) = 295*n**2 + w - 288*n**2 - n**3 - 5. Determine s(k).
0
Let d(k) = -388*k - 400*k + 780*k + 42 + 18. What is d(4)?
28
Let k(l) = -7*l**2 - 10*l - 5. Let p = -5860 - -5856. Determine k(p).
-77
Let i = 972 - 1531. Let h = i - -565. Let l(p) = p**3 - 6*p**2 - 3*p - 3. Give l(h).
-21
Let b(s) = s**2 + 8*s - 154. Suppose 915 = 61*q + 427*q + 9211. What is b(q)?
-1
Let c(g) = -5*g - 2 - 16 + 5 + 2*g. Let b be c(-4). Let r(x) = -6*x**2 - x - 1. Determine r(b).
-6
Let t(y) be the third derivative of -y**9/60480 + y**8/2880 + y**7/5040 - y**6/80 + 8*y**5/3 + 5*y**2 + 18. Let k(g) be the third derivative of t(g). Give k(7).
-2
Let y(a) = 7*a - 1. Let v = -3184 + 3183. Give y(v).
-8
Let u(v) = -v - 7. Let w be (((-126)/(-196))/((-6)/7))/(1/8). Determine u(w).
-1
Let f(w) = -24*w**3 + 15*w**3 + 69*w**2 - w - 6 - 55*w**2 + 10*w**3. Let l(o) = -3*o + 4. Let u be l(6). Determine f(u).
8
Let j be (1*5 - (4 + 1))/1. Let y(g) = -g**2 + j*g - 2 + 4*g + 5*g**2 - 3*g**2. What is y(-5)?
3
Let v(a) = 2*a**3 + 140*a**2 + 138*a + 12. Let f be v(-69). Let i(y) = y**3 - 11*y**2 - 9*y - 8. Calculate i(f).
28
Let c(h) = -2169*h. Let n(i) = 289*i. Let v(z) = 2*c(z) + 15*n(z). Let j be (3*-1 + 0)/1. Give v(j).
9
Let c(d) = 3*d**2 - 7*d - 1. Let q(h) = -7*h**2 + 15*h + 2. Let b(i) = 9*c(i) + 4*q(i). Let f be b(-7). Let u = -31 - f. Let g(k) = -2*k. Calculate g(u).
4
Let a(x) be the third derivative of x**6/60 - 8*x**5/15 + x**4/24 + 19*x**3/6 - 4*x**2 + x + 2. Give a(16).
35
Let d(b) = 158*b + 484. Let m(v) = 38*v + 121. Let w(l) = 2*d(l) - 9*m(l). Determine w(-5).
9
Let k(r) = r + r**2 - 9*r - r - 4. Suppose -3*f + 47 = 49*c - 53*c, 2*f = 2*c + 28. Calculate k(f).
-4
Let z(v) = 20*v - 151. Let h be z(8). Suppose s - 4*s = -3*d - h, 5*s - 27 = -d. Let f(g) = 0*g**2 - g**3 + 3*g + g**2 - 3 + 1. Determine f(d).
0
Let a(z) be the third derivative of 5/12*z**4 + 0*z + 0 - 5/3*z**3 + 1/120*z**6 - 57*z**2 + 1/6*z**5. What is a(-9)?
-19
Suppose 37*z - 37*z = -74*z. Let y(j) = -j**2 + 3*j - 74. Give y(z).
-74
Suppose 0 = -z - 0*z - 2. Let x(s) = -3*s**3 - 6*s**2 - 17*s + 4. Let b(r) = r**3 + 2*r**2 + 10*r - 1. Let p(i) = -2*b(i) - x(i). Determine p(z).
4
Let h(p) = 33*p**2 - p + 1. Let s be (406/(-1015))/(1 - (-22)/(-20)). Suppose 0 = -3*m - m + s*n + 4, -3*n + 2 = 2*m. Calculate h(m).
33
Let z(a) = a**3 - 5*a**2 - 9*a + 9. Let d be z(6). Let g(r) be the first derivative of r**2/2 + 10*r + 100. Determine g(d).
1
Let k(s) = 43*s**2 + 1 + 8*s - 5 - 44*s**2 - 3. Let t be 3 + (-11 - -22) - 6. Calculate k(t).
-7
Suppose 0*i + 12 = 3*i. Suppose -o = 4*k - 15, 0*k + 21 = 3*k + i*o. Let v(a) = k + 24*a**2 - 20*a**2 - a**3 + 4*a + 0. Give v(5).
-2
Let y(f) = 17*f**2 - 11*f - 13. Let o(b) = 38*b**2 - 22*b - 27. Let w(p) = 4*o(p) - 9*y(p). Let m = 16 - 6. Give w(m).
19
Let u(b) = 7*b**2 - 1. Let p be (-18 - -16) + 0 + 47. Suppose -p*c = -35*c - 10. Calculate u(c).
6
Let l(k) be the first derivative of -k**4/4 + 8*k**3/3 - 3*k**2 + 6*k + 814. Give l(6).
42
Suppose -24*p + 11*p = -4927. Let w = p + -374. Let s(r) = r**3 + 2*r**2 + 1. Let o(d) = -d**3 - d**2. Let q(j) = -7*o(j) - 6*s(j). What is q(w)?
